(28).
-10
Let c(g) = g**3 + 16*g**2 - 89*g + 64. Give c(4).
28
Let d(l) = 25*l + 2644. Give d(-88).
444
Let u(q) = 2*q**2 - 5138*q + 25642. What is u(5)?
2
Let r(v) = 61*v + 1043. Calculate r(-16).
67
Let j(n) = -3*n**2 + 37*n + 704. Give j(22).
66
Let a(o) = o**2 + 22*o + 150. Determine a(-14).
38
Let y(b) = -b**2 + 32*b + 11. What is y(32)?
11
Let l(z) = -z**3 - 5*z**2 + 273*z - 950. Determine l(4).
-2
Let i(b) = 157*b**2 + 2869*b + 776. Calculate i(-18).
2
Let a(g) = -g**3 - 3*g**2 + 2*g + 9. Give a(-5).
49
Let q(b) = -2668*b + 18687. What is q(7)?
11
Let x(m) = 8*m**2 - 63*m - 9. What is x(8)?
-1
Let i(x) = 67*x**2 + 266*x - 10. Determine i(-4).
-2
Let n(j) = j**3 + 7*j**2 - 42*j - 231. Determine n(-9).
-15
Let t(s) = -s**3 + 3*s**2 + 23*s - 75. Give t(5).
-10
Let v(k) = -k**3 + 39*k**2 + 31*k + 350. What is v(40)?
-10
Let g(k) = -k**3 + 9*k**2 - 3399*k + 23685. Calculate g(7).
-10
Let l(b) = -4*b**2 - 22*b + 71. Give l(-8).
-9
Let i(q) = 2*q + 34. Give i(-15).
4
Let u(v) = v**3 - 3*v**2 - 87*v + 423. What is u(5)?
38
Let h(i) = 21*i + 50. Give h(-3).
-13
Let i(l) = 24*l**2 - 84*l - 51. Determine i(4).
-3
Let v(b) = -2*b**3 + 23*b**2 + 4*b - 126. Determine v(13).
-581
Let o(c) = 2*c**2 - 116*c + 18. Calculate o(58).
18
Let g(c) = 33*c**3 + 165*c**2 + 40*c + 208. Calculate g(-5).
8
Let c(s) = 5*s - 99. Calculate c(13).
-34
Let x(t) = 34*t + 531. Give x(-14).
55
Let a(k) = 61*k - 121. Calculate a(2).
1
Let l(k) = -k**3 + 99*k**2 - 160*k - 3238. Give l(97).
60
Let f(z) = 54*z - 621. Determine f(12).
27
Let p(n) = 267*n + 73442. Give p(-275).
17
Let m(f) = -2*f**3 + 99*f**2 - 194*f + 2376. Determine m(48).
-24
Let x(t) = -t**2 + 12*t - 6. Give x(-6).
-114
Let b(i) = 124*i - 981. Determine b(8).
11
Let m(z) = -z**3 + 25*z**2 - 73*z + 5. What is m(3)?
-16
Let l(b) = -b**3 + 33*b**2 + 31*b + 91. Give l(34).
-11
Let p(j) = -1763*j + 5383. Calculate p(3).
94
Let d(s) = -2*s**3 + 65*s**2 - 132*s - 138. What is d(3)?
-3
Let n(x) = -428*x + 11556. Calculate n(27).
0
Let f(d) = -9*d**3 + 295*d**2 + 67*d - 25. What is f(33)?
8
Let v(g) = 2*g**3 + 18*g**2 - 18*g + 8. Determine v(-10).
-12
Let d(c) = -12*c + 176. Calculate d(7).
92
Let z(b) = -150*b**2 - 294*b + 12. Determine z(-2).
0
Let o(j) = -j**2 + j + 3667. Calculate o(61).
7
Let f(l) = -926*l - 45372. Determine f(-49).
2
Let a(u) = u**3 + 58*u**2 - 70*u - 715. What is a(-59)?
-66
Let y(w) = -4*w**2 + 16*w - 31. Give y(2).
-15
Let w(x) = -267*x + 2126. Calculate w(9).
-277
Let h(k) = k**3 + 5*k**2 - 73*k + 5. Determine h(6).
-37
Let i(m) = 4*m**2 - 26*m - 69. Calculate i(-8).
395
Let i(m) = -9*m**2 + 103*m - 286. Give i(7).
-6
Let r(u) = -17*u**2 - 14*u - 4. What is r(3)?
-199
Let j(s) = -2*s**2 - 67*s - 131. Calculate j(-31).
24
Let o(z) = 42*z**2 + 293*z - 14. What is o(-7)?
-7
Let v(h) = -h**3 + 35*h**2 - 64*h - 61. Calculate v(33).
5
Let a(c) = -c**2 - 48*c + 1192. Determine a(21).
-257
Let a(d) = d**3 - 37*d**2 + 290*d - 35. Determine a(11).
9
Let g(r) = -4973*r - 14924. Calculate g(-3).
-5
Let t(z) = 5*z**2 + 179*z - 214. What is t(-37)?
8
Let j(u) = -3*u**3 - 31*u**2 - 54*u - 17. What is j(-7)?
-129
Let d(u) = -3*u**2 - 57*u - 252. What is d(-7)?
0
Let i(d) = -72*d + 301. Calculate i(9).
-347
Let s(t) = 2*t**3 - 9*t**2 + 25*t - 129. What is s(5)?
21
Let v(z) = -z**3 - 156*z**2 - 2947*z + 4. Calculate v(-22).
-18
Let x(t) = t**3 + 2*t**2 - 22*t - 20. Determine x(-7).
-111
Let d(l) = 177*l + 200. Calculate d(1).
377
Let l(d) = -d**2 - 352*d - 3855. Determine l(-11).
-104
Let j(q) = -2*q**2 - 88*q - 474. Calculate j(-6).
-18
Let n(d) = d**3 - 66*d**2 + 79*d - 906. What is n(65)?
4
Let n(u) = -13018*u - 26039. Determine n(-2).
-3
Let h(u) = -u**3 + u**2 + 12*u + 2. Determine h(5).
-38
Let m(u) = u**3 + 71*u**2 + 214*u + 602. Determine m(-68).
-78
Let d(p) = -426*p + 5540. Give d(13).
2
Let n(i) = -165*i**2 + 665*i - 14. Calculate n(4).
6
Let x(p) = -p**2 - 5*p + 49. Determine x(-9).
13
Let c(x) = -x**3 - 3*x**2 + 17*x - 83. Determine c(-7).
-6
Let d(a) = -6*a**2 - 311*a + 675. Calculate d(-54).
-27
Let h(s) = -7*s + 139. Calculate h(14).
41
Let a(t) = -4*t**3 - 182*t**2 + 97*t + 68. Calculate a(-46).
-162
Let b(s) = 2*s**2 + 52*s + 45. Give b(-25).
-5
Let c(w) = -3*w**2 + 44*w + 1. Determine c(0).
1
Let o(c) = c**2 - 410*c + 1619. Give o(4).
-5
Let o(w) = 54*w**2 + 146*w - 21. What is o(-3)?
27
Let m(z) = 4*z**2 - 86*z - 189. What is m(22)?
-145
Let o(n) = 2*n**3 + 21*n**2 + 17*n + 84. Give o(-10).
14
Let u(b) = -b**3 + 15*b**2 - 19*b + 74. Determine u(13).
165
Let v(b) = 25*b**2 - 2808*b + 897. What is v(112)?
1
Let k(a) = -2477*a - 4992. Give k(-2).
-38
Let t(y) = 164*y + 1148. Give t(-7).
0
Let z(y) = -51*y + 2929. Give z(59).
-80
Let r(g) = g**2 - 19*g + 113. Determine r(14).
43
Let f(m) = -m**2 + 5*m + 121. Calculate f(-10).
-29
Let t(h) = h**2 - 46*h - 259. Calculate t(-5).
-4
Let w(s) = -217*s + 2765. Determine w(8).
1029
Let j(c) = 292*c - 582. Calculate j(2).
2
Let r(m) = -12*m**3 - 18*m**2 + 7*m + 6. Calculate r(-2).
16
Let s(p) = -4*p**3 - 8*p**2 - 3*p + 11. What is s(1)?
-4
Let j(z) = 2*z**2 + 26*z + 17. What is j(-9)?
-55
Let t(i) = i**3 - 8*i**2 + 4*i - 1235. Give t(14).
-3
Let u(m) = m**2 + 20*m + 57. Determine u(-15).
-18
Let t(s) = -s**2 + 7*s + 1076. Give t(-46).
-1362
Let q(a) = 336*a - 10725. What is q(32)?
27
Let j(n) = -n**3 + 8*n**2 + 15*n - 192. Calculate j(8).
-72
Let t(g) = g**2 - 23*g + 30. Calculate t(22).
8
Let p(j) = 3*j**2 + 7*j - 13. What is p(-6)?
53
Let q(g) = 13*g**2 - 845*g + 837. Determine q(1).
5
Let u(m) = m**3 + 10*m**2 - 64*m + 42. Determine u(4).
10
Let d(q) = 5*q + 202. Give d(-18).
112
Let c(v) = -v**3 + 11*v**2 - 50*v + 70. What is c(6)?
-50
Let h(j) = 2*j**3 + 85*j**2 + 526*j + 33. What is h(-35)?
-2
Let m(d) = -35*d + 1286. Give m(37).
-9
Let i(y) = 280*y - 1524. Calculate i(6).
156
Let h(p) = 5*p**3 - 20*p**2 - 19*p + 26. Give h(4).
-50
Let w(y) = -2*y**3 - 98*y**2 - 94*y - 8. Give w(-48).
-104
Let b(o) = 19*o - 186. What is b(11)?
23
Let k(g) = -422*g - 6324. What is k(-15)?
6
Let v(c) = c**2 + 74*c + 722. What is v(-11)?
29
Let z(d) = 2*d**2 - 266*d + 8314. Calculate z(50).
14
Let d(n) = 30*n**3 + 132*n**2 + 47*n - 13. Give d(-4).
-9
Let l(r) = 840*r - 8409. Give l(10).
-9
Let s(w) = 137*w - 88. What is s(1)?
49
Let b(x) = -x**2 + 25*x - 133. Calculate b(9).
11
Let r(a) = -2*a**3 - 9*a**2 + 7*a - 19. Give r(-6).
47
Let t(j) = j**2 - 215*j + 11475. Determine t(116).
-9
Let u(p) = -p**3 - 8*p**2 + 18*p - 18. Give u(-10).
2
Let n(a) = -3*a**2 + 81*a - 545. Determine n(14).
1
Let y(i) = -12*i**2 - 319*i - 4. Give y(0).
-4
Let s(q) = -q**3 + 54*q**2 - 502*q - 89. Calculate s(42).
-5
Let s(p) = 29*p + 664. What is s(-23)?
-3
Let v(o) = -1783*o + 30306. Give v(17).
-5
Let x(i) = 10*i + 34. What is x(-15)?
-116
Let p(d) = -3*d**3 + d**2 + 20*d + 41. Calculate p(-2).
29
Let p(m) = -m**3 - 19*m**2 + 260*m + 37. Give p(9).
109
Let x(o) = -249*o - 17. Give x(1).
-266
Let k(z) = z**2 + 233*z - 7326. What is k(28)?
-18
Let c(o) = 175*o + 13671. What is c(-78)?
21
Let b(x) = 6*x**2 - 47*x + 99. What is b(4)?
7
Let q(c) = -2674*c + 5345. Give q(2).
-3
Let u(v) = -3444*v - 34440. Give u(-10).
0
Let r(o) = -o**3 - 10*o**2 - 1078*o - 7390. Determine r(-7).
9
Let o(n) = -n**3 - 55*n**2 - 3*n - 158. Determine o(-55).
7
Let s(i) = 344*i**3 + 2*i**2 - 2*i + 1. Calculate s(1).
345
Let p(s) = s**3 - 7*s**2 + 14*s + 8. What is p(6)?
56
Let d(r) = 4*r**3 + 14*r**2 - 2*r - 40. Calculate d(-8).
-1176
Let t(o) = -71*o - 497. What is t(-8)?
71
Let q(d) = 4*d**2 - 40*d + 46. What is q(15)?
346
Let i(t) = -2*t**2 - 26*t + 7. What is i(-6)?
91
Let c(n) = -6*n - 255. Give c(-40).
-15
Let h(n) = -1826*n - 12783. Determine h(-7).
-1
Let y(f) = -2*f**2 + 69*f - 92. Calculate y(35).
-127
Let q(p) = 146*p + 908. Calculate q(-6).
32
Let o(s) = 2*s**3 - 19*s**2 - 9*s - 4. What is o(10)?
6
Let l(p) = p**2 - 38*p - 141. Determine l(-3).
-18
Let o(k) = k**3 - 13*k**2 - 3*k + 268. Determine o(11).
-7
Let u(k) = -273*k + 3039. Give u(11).
36
Let u(a) = 659*a + 54696. Give u(-83).
-1
Let x(w) = -485*w + 3929. Give x(8).
49
Let k(g) = -2*g**3 + 103*g**2 + 50*g + 141. Give k(52).
37
Let w(y) = -42*y + 9575. What is w(228)?
-1
Let q(n) = 288*n + 2409. Give q(-8).
105
Let x(r) = 3*r**2 + 213*r